{"id":28,"date":"2026-02-22T11:31:22","date_gmt":"2026-02-22T11:31:22","guid":{"rendered":"https:\/\/ehl.designbrains.be\/?page_id=28"},"modified":"2026-04-20T14:19:33","modified_gmt":"2026-04-20T14:19:33","slug":"pretecho","status":"publish","type":"page","link":"https:\/\/ehl.designbrains.be\/?page_id=28","title":{"rendered":"Pretecho"},"content":{"rendered":"\t\t<div data-elementor-type=\"wp-page\" data-elementor-id=\"28\" class=\"elementor elementor-28\">\n\t\t\t\t<div class=\"elementor-element elementor-element-1ee9515 e-flex e-con-boxed e-con e-parent\" data-id=\"1ee9515\" data-element_type=\"container\" data-e-type=\"container\" data-settings=\"{&quot;background_background&quot;:&quot;classic&quot;,&quot;jet_parallax_layout_list&quot;:[]}\">\n\t\t\t\t\t<div class=\"e-con-inner\">\n\t\t<div class=\"elementor-element elementor-element-793a2ea e-con-full e-flex e-con e-child\" data-id=\"793a2ea\" data-element_type=\"container\" data-e-type=\"container\" data-settings=\"{&quot;background_background&quot;:&quot;classic&quot;,&quot;jet_parallax_layout_list&quot;:[]}\">\n\t\t\t\t<div class=\"elementor-element elementor-element-5c09007 elementor-widget elementor-widget-jet-breadcrumbs\" data-id=\"5c09007\" data-element_type=\"widget\" data-e-type=\"widget\" data-widget_type=\"jet-breadcrumbs.default\">\n\t\t\t\t<div class=\"elementor-widget-container\">\n\t\t\t\t\t<div class=\"elementor-jet-breadcrumbs jet-blocks\">\n\t\t<div class=\"jet-breadcrumbs\">\n\t\t<div class=\"jet-breadcrumbs__content\">\n\t\t<div class=\"jet-breadcrumbs__wrap\"><div class=\"jet-breadcrumbs__item\"><a href=\"https:\/\/ehl.designbrains.be\/\" class=\"jet-breadcrumbs__item-link is-home\" rel=\"home\" title=\"Homepage\">Homepage<\/a><\/div>\n\t\t<\/div>\n\t\t<\/div>\n\t\t<\/div><\/div>\t\t\t\t<\/div>\n\t\t\t\t<\/div>\n\t\t\t\t<div class=\"elementor-element elementor-element-2c08681 elementor-widget elementor-widget-heading\" data-id=\"2c08681\" data-element_type=\"widget\" data-e-type=\"widget\" data-widget_type=\"heading.default\">\n\t\t\t\t\t<h2 class=\"elementor-heading-title elementor-size-default\">Pretecho<\/h2>\t\t\t\t<\/div>\n\t\t\t\t<div class=\"elementor-element elementor-element-136a9ec elementor-widget elementor-widget-text-editor\" data-id=\"136a9ec\" data-element_type=\"widget\" data-e-type=\"widget\" data-widget_type=\"text-editor.default\">\n\t\t\t\t\t\t\t\t\t<p><strong>Wat is een pretecho?<\/strong><\/p><p>Een pretecho is een echo die niet medisch is. Een ontmoeting met je kind in de diverse ontwikkelingsfases is voor alle betrokkenen altijd een bijzonder moment. Het bewust beleven van de ontwikkeling van je kind in een informele omgeving staat bij ons centraal. Je kunt kiezen uit diverse soorten pretecho\u2019s, afhankelijk van je wensen en je budget. Als je vaker wilt genieten kies je voor een van onze combipakketten. Je bent welkom als aanstaande ouders inclusief oudere broertje(s)of zusje(s). Het is altijd leuk om de echo thuis nog eens rustig \u00a0met enthousiaste familie\/ vrienden te bekijken. Daarom bieden we tegen meerprijs een USB stick van de echo aan waarbij geluid en beeld worden opgenomen.<\/p>\t\t\t\t\t\t\t\t<\/div>\n\t\t\t\t<div class=\"elementor-element elementor-element-3039781 elementor-widget elementor-widget-button\" data-id=\"3039781\" data-element_type=\"widget\" data-e-type=\"widget\" data-widget_type=\"button.default\">\n\t\t\t\t\t\t\t\t\t\t<a class=\"elementor-button elementor-button-link elementor-size-sm\" href=\"https:\/\/ehl.designbrains.be\/?page_id=20\">\n\t\t\t\t\t\t<span class=\"elementor-button-content-wrapper\">\n\t\t\t\t\t\t\t\t\t<span class=\"elementor-button-text\">Plan je pretecho<\/span>\n\t\t\t\t\t<\/span>\n\t\t\t\t\t<\/a>\n\t\t\t\t\t\t\t\t<\/div>\n\t\t\t\t<\/div>\n\t\t\t\t\t<\/div>\n\t\t\t\t<\/div>\n\t\t<div class=\"elementor-element elementor-element-ec7afb3 e-flex e-con-boxed e-con e-parent\" data-id=\"ec7afb3\" data-element_type=\"container\" data-e-type=\"container\" data-settings=\"{&quot;jet_parallax_layout_list&quot;:[]}\">\n\t\t\t\t\t<div class=\"e-con-inner\">\n\t\t<div class=\"elementor-element elementor-element-64f5339 e-con-full e-flex e-con e-child\" data-id=\"64f5339\" data-element_type=\"container\" data-e-type=\"container\" data-settings=\"{&quot;background_background&quot;:&quot;classic&quot;,&quot;jet_parallax_layout_list&quot;:[]}\">\n\t\t\t\t<div class=\"elementor-element elementor-element-e1ba72d elementor-widget elementor-widget-n-accordion\" data-id=\"e1ba72d\" data-element_type=\"widget\" data-e-type=\"widget\" data-settings=\"{&quot;default_state&quot;:&quot;expanded&quot;,&quot;max_items_expended&quot;:&quot;one&quot;,&quot;n_accordion_animation_duration&quot;:{&quot;unit&quot;:&quot;ms&quot;,&quot;size&quot;:400,&quot;sizes&quot;:[]}}\" data-widget_type=\"nested-accordion.default\">\n\t\t\t\t\t\t\t<div class=\"e-n-accordion\" aria-label=\"Accordion. Open links with Enter or Space, close with Escape, and navigate with Arrow Keys\">\n\t\t\t\t\t\t<details id=\"e-n-accordion-item-2360\" class=\"e-n-accordion-item\" open>\n\t\t\t\t<summary class=\"e-n-accordion-item-title\" data-accordion-index=\"1\" tabindex=\"0\" aria-expanded=\"true\" aria-controls=\"e-n-accordion-item-2360\" >\n\t\t\t\t\t<span class='e-n-accordion-item-title-header'><div class=\"e-n-accordion-item-title-text\"> Wanneer mogelijk? <\/div><\/span>\n\t\t\t\t\t\t\t<span class='e-n-accordion-item-title-icon'>\n\t\t\t<span class='e-opened' ><i aria-hidden=\"true\" class=\"fas fa-minus\"><\/i><\/span>\n\t\t\t<span class='e-closed'><i aria-hidden=\"true\" class=\"fas fa-plus\"><\/i><\/span>\n\t\t<\/span>\n\n\t\t\t\t\t\t<\/summary>\n\t\t\t\t<div role=\"region\" aria-labelledby=\"e-n-accordion-item-2360\" class=\"elementor-element elementor-element-f36d02e e-con-full e-flex e-con e-child\" data-id=\"f36d02e\" data-element_type=\"container\" data-e-type=\"container\" data-settings=\"{&quot;jet_parallax_layout_list&quot;:[]}\">\n\t\t\t\t<div class=\"elementor-element elementor-element-2e07fc7 elementor-widget elementor-widget-text-editor\" data-id=\"2e07fc7\" data-element_type=\"widget\" data-e-type=\"widget\" data-widget_type=\"text-editor.default\">\n\t\t\t\t\t\t\t\t\t<p>Bij ons ben je al vanaf 10 weken welkom voor het eerste visuele contact met je kind. Je kunt ervoor kiezen om vanaf 15 weken het geslacht van je kindje te weten. Ook is het mogelijk om het geslacht te laten opschrijven. Een geslachtsbepaling is voor 99% zeker. Na de medische 20 wekenecho (SEO), die volgens strikte landelijke richtlijnen uitgevoerd wordt, bieden wij de exclusieve 4D\u00a0<em>HDlive<\/em>\u00a0echo in kleur aan. Een onvergetelijke echo voor aanstaande ouders en genodigden! De mooiste termijn hiervoor is tussen de 26 en 29 weken.<\/p>\t\t\t\t\t\t\t\t<\/div>\n\t\t\t\t<\/div>\n\t\t\t\t\t<\/details>\n\t\t\t\t\t\t<details id=\"e-n-accordion-item-2361\" class=\"e-n-accordion-item\" >\n\t\t\t\t<summary class=\"e-n-accordion-item-title\" data-accordion-index=\"2\" tabindex=\"-1\" aria-expanded=\"false\" aria-controls=\"e-n-accordion-item-2361\" >\n\t\t\t\t\t<span class='e-n-accordion-item-title-header'><div class=\"e-n-accordion-item-title-text\"> In goede handen <\/div><\/span>\n\t\t\t\t\t\t\t<span class='e-n-accordion-item-title-icon'>\n\t\t\t<span class='e-opened' ><i aria-hidden=\"true\" class=\"fas fa-minus\"><\/i><\/span>\n\t\t\t<span class='e-closed'><i aria-hidden=\"true\" class=\"fas fa-plus\"><\/i><\/span>\n\t\t<\/span>\n\n\t\t\t\t\t\t<\/summary>\n\t\t\t\t<div role=\"region\" aria-labelledby=\"e-n-accordion-item-2361\" class=\"elementor-element elementor-element-7fbbe14 e-con-full e-flex e-con e-child\" data-id=\"7fbbe14\" data-element_type=\"container\" data-e-type=\"container\" data-settings=\"{&quot;jet_parallax_layout_list&quot;:[]}\">\n\t\t\t\t<div class=\"elementor-element elementor-element-3ad382d elementor-widget elementor-widget-text-editor\" data-id=\"3ad382d\" data-element_type=\"widget\" data-e-type=\"widget\" data-widget_type=\"text-editor.default\">\n\t\t\t\t\t\t\t\t\t<div class=\"flex_column av-w4ibzg-32395c0ef8ed64a78100654a0cc5f046 av_two_third  avia-builder-el-11  el_after_av_two_third  el_before_av_one_third  first flex_column_div av-zero-column-padding column-top-margin\"><section class=\"av_textblock_section \"><div class=\"avia_textblock  \"><p>Het team van Echocentrum het Lichtpunt is betrokken bij de aanstaande ouders en neemt de tijd voor belangrijke momenten in je leven. Je kiest voor de combinatie van gekwalificeerde echoscopisten, hoogwaardige echo\u2019s en een warme, persoonlijke benadering. Ons team van echoscopisten en telefonistes komt tegemoet aan je wensen en je wordt ontvangen in een prachtig pand in de historisch kern van Nuth. Bij binnenkomst ervaar je meteen de rust en ongedwongen, warme sfeer. We heten je van harte welkom!<\/p><\/div><\/section><\/div><div class=\"flex_column av-tblknw-9956687ff29b9e6b148158e287546d70 av_one_third  avia-builder-el-13  el_after_av_two_third  el_before_av_one_third  flex_column_div av-zero-column-padding column-top-margin\"><div class=\"avia-image-container av-r9qysc-31e49e20a6a599ef300cfe04b38a142c av-styling- avia-align-center  avia-builder-el-14  avia-builder-el-no-sibling  \"><div class=\"avia-image-container-inner\">\u00a0<\/div><\/div><\/div>\t\t\t\t\t\t\t\t<\/div>\n\t\t\t\t<\/div>\n\t\t\t\t\t<\/details>\n\t\t\t\t\t\t<details id=\"e-n-accordion-item-2362\" class=\"e-n-accordion-item\" >\n\t\t\t\t<summary class=\"e-n-accordion-item-title\" data-accordion-index=\"3\" tabindex=\"-1\" aria-expanded=\"false\" aria-controls=\"e-n-accordion-item-2362\" >\n\t\t\t\t\t<span class='e-n-accordion-item-title-header'><div class=\"e-n-accordion-item-title-text\"> 4D HDLive echo n\u00e1 de 20-weken echo <\/div><\/span>\n\t\t\t\t\t\t\t<span class='e-n-accordion-item-title-icon'>\n\t\t\t<span class='e-opened' ><i aria-hidden=\"true\" class=\"fas fa-minus\"><\/i><\/span>\n\t\t\t<span class='e-closed'><i aria-hidden=\"true\" class=\"fas fa-plus\"><\/i><\/span>\n\t\t<\/span>\n\n\t\t\t\t\t\t<\/summary>\n\t\t\t\t<div role=\"region\" aria-labelledby=\"e-n-accordion-item-2362\" class=\"elementor-element elementor-element-e31d3d4 e-con-full e-flex e-con e-child\" data-id=\"e31d3d4\" data-element_type=\"container\" data-e-type=\"container\" data-settings=\"{&quot;jet_parallax_layout_list&quot;:[]}\">\n\t\t\t\t<div class=\"elementor-element elementor-element-bbb76ec elementor-widget elementor-widget-text-editor\" data-id=\"bbb76ec\" data-element_type=\"widget\" data-e-type=\"widget\" data-widget_type=\"text-editor.default\">\n\t\t\t\t\t\t\t\t\t<div class=\"flex_column av-myv1rg-ca24095d5e061e40a3f67fb97c8e280d av_two_third  avia-builder-el-17  el_after_av_one_third  el_before_av_two_third  flex_column_div av-zero-column-padding column-top-margin\"><section class=\"av_textblock_section \"><div class=\"avia_textblock  \"><p>Je hebt de 20 wekenecho gehad en je volgt graag de verdere ontwikkeling van je kind. Daarvoor bieden we de exclusieve 4D\u00a0<em>HDlive<\/em>\u00a0echo in kleur aan. Deze echo toont een realistisch beeld met spectaculaire lichteffecten. Een aantal factoren zoals de ligging van het kind en de hoeveelheid vruchtwater spelen een rol bij het verkrijgen van de echobeelden. Een enkele keer is het door deze factoren niet mogelijk om mooie foto\u2019s te maken. De echoscopiste bied je dan een nieuwe afspraak aan. Gelukkig slaagt 95% wel de eerste keer waardoor het een blijvende, onvergetelijke herinnering is voor aanstaande ouders! De mooiste termijn voor deze echo is tussen de 26 en 29 weken. Echocentrum het Lichtpunt biedt als eerste in Limburg deze kwalitatieve echo aan!<\/p><\/div><\/section><\/div><div class=\"flex_column av-lda04s-4868f9235d085b33687908d5ae2fcec2 av_two_third  avia-builder-el-19  el_after_av_two_third  el_before_av_one_third  first flex_column_div av-zero-column-padding column-top-margin\"><section class=\"av_textblock_section \"><div class=\"avia_textblock  \">\u00a0<\/div><\/section><\/div>\t\t\t\t\t\t\t\t<\/div>\n\t\t\t\t<\/div>\n\t\t\t\t\t<\/details>\n\t\t\t\t\t\t<details id=\"e-n-accordion-item-2363\" class=\"e-n-accordion-item\" >\n\t\t\t\t<summary class=\"e-n-accordion-item-title\" data-accordion-index=\"4\" tabindex=\"-1\" aria-expanded=\"false\" aria-controls=\"e-n-accordion-item-2363\" >\n\t\t\t\t\t<span class='e-n-accordion-item-title-header'><div class=\"e-n-accordion-item-title-text\"> Ervaren echoscopisten  <\/div><\/span>\n\t\t\t\t\t\t\t<span class='e-n-accordion-item-title-icon'>\n\t\t\t<span class='e-opened' ><i aria-hidden=\"true\" class=\"fas fa-minus\"><\/i><\/span>\n\t\t\t<span class='e-closed'><i aria-hidden=\"true\" class=\"fas fa-plus\"><\/i><\/span>\n\t\t<\/span>\n\n\t\t\t\t\t\t<\/summary>\n\t\t\t\t<div role=\"region\" aria-labelledby=\"e-n-accordion-item-2363\" class=\"elementor-element elementor-element-c6412f3 e-con-full e-flex e-con e-child\" data-id=\"c6412f3\" data-element_type=\"container\" data-e-type=\"container\" data-settings=\"{&quot;jet_parallax_layout_list&quot;:[]}\">\n\t\t\t\t<div class=\"elementor-element elementor-element-c115bb7 elementor-widget elementor-widget-text-editor\" data-id=\"c115bb7\" data-element_type=\"widget\" data-e-type=\"widget\" data-widget_type=\"text-editor.default\">\n\t\t\t\t\t\t\t\t\t<div class=\"flex_column av-lda04s-4868f9235d085b33687908d5ae2fcec2 av_two_third  avia-builder-el-19  el_after_av_two_third  el_before_av_one_third  first flex_column_div av-zero-column-padding column-top-margin\"><section class=\"av_textblock_section \"><div class=\"avia_textblock  \"><p>Ons team van echoscopisten is speciaal opgeleid voor deze echo\u2019s. De echoscopisten zijn vakkrachten die vele honderden echo\u2019s per jaar uitvoeren. Echoscopiste Monique Bonn\u00e9 van Echocentrum het Lichtpunt is tevens al vele jaren als SEO-docente verbonden aan de Fontys Hogeschool te Eindhoven. Zij stond aan de wieg van de ontwikkeling van de SEO-opleiding en traint ook andere instellingen.<\/p><\/div><\/section><\/div><div class=\"flex_column av-1ymgvw-2e59ee55b8262b84e8aef33136525d40 av_one_third  avia-builder-el-21  el_after_av_two_third  el_before_av_one_third  flex_column_div av-zero-column-padding column-top-margin\"><div class=\"avia-image-container av-6jl1o-846139c399b36c8459707f4cbcc1ad75 av-styling- avia-align-center  avia-builder-el-22  avia-builder-el-no-sibling  \"><div class=\"avia-image-container-inner\">\u00a0<\/div><\/div><\/div>\t\t\t\t\t\t\t\t<\/div>\n\t\t\t\t<\/div>\n\t\t\t\t\t<\/details>\n\t\t\t\t\t\t<details id=\"e-n-accordion-item-2364\" class=\"e-n-accordion-item\" >\n\t\t\t\t<summary class=\"e-n-accordion-item-title\" data-accordion-index=\"5\" tabindex=\"-1\" aria-expanded=\"false\" aria-controls=\"e-n-accordion-item-2364\" >\n\t\t\t\t\t<span class='e-n-accordion-item-title-header'><div class=\"e-n-accordion-item-title-text\"> Tarief <\/div><\/span>\n\t\t\t\t\t\t\t<span class='e-n-accordion-item-title-icon'>\n\t\t\t<span class='e-opened' ><i aria-hidden=\"true\" class=\"fas fa-minus\"><\/i><\/span>\n\t\t\t<span class='e-closed'><i aria-hidden=\"true\" class=\"fas fa-plus\"><\/i><\/span>\n\t\t<\/span>\n\n\t\t\t\t\t\t<\/summary>\n\t\t\t\t<div role=\"region\" aria-labelledby=\"e-n-accordion-item-2364\" class=\"elementor-element elementor-element-de1a43b e-flex e-con-boxed e-con e-child\" data-id=\"de1a43b\" data-element_type=\"container\" data-e-type=\"container\" data-settings=\"{&quot;jet_parallax_layout_list&quot;:[]}\">\n\t\t\t\t\t<div class=\"e-con-inner\">\n\t\t\t\t<div class=\"elementor-element elementor-element-ee33f1e elementor-widget elementor-widget-text-editor\" data-id=\"ee33f1e\" data-element_type=\"widget\" data-e-type=\"widget\" data-widget_type=\"text-editor.default\">\n\t\t\t\t\t\t\t\t\t<p>Er gelden voor de diverse pretecho\u2019s verschillende tarieven en tegen een meerprijs wordt de echo op USB stick aangeboden. Bij ons\u00a0<a href=\"https:\/\/echocentrumhetlichtpunt.nl\/?page_id=1625\"><u>tarievenoverzicht<\/u><\/a>\u00a0\u00a0link vind je de verschillende echo\u2019s en opties nog eens duidelijk op een rijtje. Bij alle echo\u2019s ontvang je meerdere gratis foto\u2019s. Een pretecho wordt niet vergoed door de zorgverzekeraar.<\/p><p><em>Gedurende je zwangerschap heb je recht op \u00e9\u00e9n medische 13 weken- en \u00e9\u00e9n 20 wekenecho. De 13 weken- en 20 wekenecho bij Echocentrum het Lichtpunt worden volledig vergoed. Heb je vragen over deze vergoeding? Neem dan\u00a0<a href=\"https:\/\/echocentrumhetlichtpunt.nl\/?page_id=1518\"><u>contact<\/u><\/a>\u00a0met ons op.<\/em><\/p>\t\t\t\t\t\t\t\t<\/div>\n\t\t\t\t\t<\/div>\n\t\t\t\t<\/div>\n\t\t\t\t\t<\/details>\n\t\t\t\t\t\t<details id=\"e-n-accordion-item-2365\" class=\"e-n-accordion-item\" >\n\t\t\t\t<summary class=\"e-n-accordion-item-title\" data-accordion-index=\"6\" tabindex=\"-1\" aria-expanded=\"false\" aria-controls=\"e-n-accordion-item-2365\" >\n\t\t\t\t\t<span class='e-n-accordion-item-title-header'><div class=\"e-n-accordion-item-title-text\"> Wie neem ik mee? <\/div><\/span>\n\t\t\t\t\t\t\t<span class='e-n-accordion-item-title-icon'>\n\t\t\t<span class='e-opened' ><i aria-hidden=\"true\" class=\"fas fa-minus\"><\/i><\/span>\n\t\t\t<span class='e-closed'><i aria-hidden=\"true\" class=\"fas fa-plus\"><\/i><\/span>\n\t\t<\/span>\n\n\t\t\t\t\t\t<\/summary>\n\t\t\t\t<div role=\"region\" aria-labelledby=\"e-n-accordion-item-2365\" class=\"elementor-element elementor-element-d8251e2 e-flex e-con-boxed e-con e-child\" data-id=\"d8251e2\" data-element_type=\"container\" data-e-type=\"container\" data-settings=\"{&quot;jet_parallax_layout_list&quot;:[]}\">\n\t\t\t\t\t<div class=\"e-con-inner\">\n\t\t\t\t<div class=\"elementor-element elementor-element-ccd6618 elementor-widget elementor-widget-text-editor\" data-id=\"ccd6618\" data-element_type=\"widget\" data-e-type=\"widget\" data-widget_type=\"text-editor.default\">\n\t\t\t\t\t\t\t\t\t<p>Je komt naar een pretecho met je partner of als deze er niet is of kan, met \u00e9\u00e9n andere genodigde. Wil je grootouders of andere ook mee laten genieten, kies dan voor een usb opname.<\/p><p>Bij de pretecho\u2019s en 4D\u00a0<em>HDLive<\/em>\u00a0echo\u2019s zijn tevens broertjes en zusjes van harte welkom. Een pretecho is een bijzondere beleving. Hier wil je optimaal van genieten.<\/p><p><em>Bij de medische echo (13 weken- 20 wekenecho) is het niet toegestaan om kinderen mee te nemen.\u00a0<\/em><\/p>\t\t\t\t\t\t\t\t<\/div>\n\t\t\t\t\t<\/div>\n\t\t\t\t<\/div>\n\t\t\t\t\t<\/details>\n\t\t\t\t\t<\/div>\n\t\t\t\t\t\t<\/div>\n\t\t\t\t<\/div>\n\t\t<div class=\"elementor-element elementor-element-9cb2595 e-con-full e-flex e-con e-child\" data-id=\"9cb2595\" data-element_type=\"container\" data-e-type=\"container\" data-settings=\"{&quot;jet_parallax_layout_list&quot;:[]}\">\n\t\t\t\t<div class=\"elementor-element elementor-element-43df186 elementor-widget elementor-widget-image\" data-id=\"43df186\" data-element_type=\"widget\" data-e-type=\"widget\" data-widget_type=\"image.default\">\n\t\t\t\t\t\t\t\t\t\t\t\t\t\t\t<img fetchpriority=\"high\" decoding=\"async\" width=\"1024\" height=\"682\" src=\"https:\/\/ehl.designbrains.be\/wp-content\/uploads\/2026\/04\/3d-echo-1024x682.webp\" class=\"attachment-large size-large wp-image-145\" alt=\"\" srcset=\"https:\/\/ehl.designbrains.be\/wp-content\/uploads\/2026\/04\/3d-echo-1024x682.webp 1024w, https:\/\/ehl.designbrains.be\/wp-content\/uploads\/2026\/04\/3d-echo-300x200.webp 300w, https:\/\/ehl.designbrains.be\/wp-content\/uploads\/2026\/04\/3d-echo-768x511.webp 768w, https:\/\/ehl.designbrains.be\/wp-content\/uploads\/2026\/04\/3d-echo-1536x1022.webp 1536w, https:\/\/ehl.designbrains.be\/wp-content\/uploads\/2026\/04\/3d-echo-600x399.webp 600w, https:\/\/ehl.designbrains.be\/wp-content\/uploads\/2026\/04\/3d-echo.webp 1600w\" sizes=\"(max-width: 1024px) 100vw, 1024px\" \/>\t\t\t\t\t\t\t\t\t\t\t\t\t\t\t<\/div>\n\t\t\t\t<\/div>\n\t\t\t\t\t<\/div>\n\t\t\t\t<\/div>\n\t\t<div class=\"elementor-element elementor-element-59ca1c0 e-flex e-con-boxed e-con e-parent\" data-id=\"59ca1c0\" data-element_type=\"container\" data-e-type=\"container\" data-settings=\"{&quot;background_background&quot;:&quot;classic&quot;,&quot;jet_parallax_layout_list&quot;:[]}\">\n\t\t\t\t\t<div class=\"e-con-inner\">\n\t\t<div class=\"elementor-element elementor-element-f2de96f e-con-full e-flex e-con e-child\" data-id=\"f2de96f\" data-element_type=\"container\" data-e-type=\"container\" data-settings=\"{&quot;jet_parallax_layout_list&quot;:[]}\">\n\t\t\t\t<div class=\"elementor-element elementor-element-3c23f32 elementor-widget elementor-widget-heading\" data-id=\"3c23f32\" data-element_type=\"widget\" data-e-type=\"widget\" data-widget_type=\"heading.default\">\n\t\t\t\t\t<h2 class=\"elementor-heading-title elementor-size-default\">Een klein gezichtje, een groot wonder op komst.<\/h2>\t\t\t\t<\/div>\n\t\t\t\t<div class=\"elementor-element elementor-element-1b531da elementor-widget elementor-widget-text-editor\" data-id=\"1b531da\" data-element_type=\"widget\" data-e-type=\"widget\" data-widget_type=\"text-editor.default\">\n\t\t\t\t\t\t\t\t\t<p>Maak dan hier je afspraak, of neem contact met ons op<\/p>\t\t\t\t\t\t\t\t<\/div>\n\t\t\t\t<div class=\"elementor-element elementor-element-a563e30 elementor-widget elementor-widget-button\" data-id=\"a563e30\" data-element_type=\"widget\" data-e-type=\"widget\" data-widget_type=\"button.default\">\n\t\t\t\t\t\t\t\t\t\t<a class=\"elementor-button elementor-button-link elementor-size-sm\" href=\"https:\/\/ehl.designbrains.be\/?page_id=20\">\n\t\t\t\t\t\t<span class=\"elementor-button-content-wrapper\">\n\t\t\t\t\t\t\t\t\t<span class=\"elementor-button-text\">Plan je pretecho<\/span>\n\t\t\t\t\t<\/span>\n\t\t\t\t\t<\/a>\n\t\t\t\t\t\t\t\t<\/div>\n\t\t<div class=\"elementor-element elementor-element-111e3b5 e-grid e-con-full e-con e-child\" data-id=\"111e3b5\" data-element_type=\"container\" data-e-type=\"container\" data-settings=\"{&quot;jet_parallax_layout_list&quot;:[]}\">\n\t\t\t\t<div class=\"elementor-element elementor-element-5198d9c elementor-position-inline-start elementor-view-default elementor-mobile-position-block-start elementor-widget elementor-widget-icon-box\" data-id=\"5198d9c\" data-element_type=\"widget\" data-e-type=\"widget\" data-widget_type=\"icon-box.default\">\n\t\t\t\t\t\t\t<div class=\"elementor-icon-box-wrapper\">\n\n\t\t\t\t\t\t<div class=\"elementor-icon-box-icon\">\n\t\t\t\t<a href=\"tel:%200646422875\" class=\"elementor-icon\" tabindex=\"-1\" aria-label=\"06 464 22 875\">\n\t\t\t\t<i aria-hidden=\"true\" class=\"fas fa-phone-alt\"><\/i>\t\t\t\t<\/a>\n\t\t\t<\/div>\n\t\t\t\n\t\t\t\t\t\t<div class=\"elementor-icon-box-content\">\n\n\t\t\t\t\t\t\t\t\t<h3 class=\"elementor-icon-box-title\">\n\t\t\t\t\t\t<a href=\"tel:%200646422875\" >\n\t\t\t\t\t\t\t06 464 22 875\t\t\t\t\t\t<\/a>\n\t\t\t\t\t<\/h3>\n\t\t\t\t\n\t\t\t\t\n\t\t\t<\/div>\n\t\t\t\n\t\t<\/div>\n\t\t\t\t\t\t<\/div>\n\t\t\t\t<div class=\"elementor-element elementor-element-5ae4a83 elementor-position-inline-start elementor-view-default elementor-mobile-position-block-start elementor-widget elementor-widget-icon-box\" data-id=\"5ae4a83\" data-element_type=\"widget\" data-e-type=\"widget\" data-widget_type=\"icon-box.default\">\n\t\t\t\t\t\t\t<div class=\"elementor-icon-box-wrapper\">\n\n\t\t\t\t\t\t<div class=\"elementor-icon-box-icon\">\n\t\t\t\t<a href=\"mailto:welkom@echocentrumhetlichtpunt.nl\" class=\"elementor-icon\" tabindex=\"-1\" aria-label=\"welkom@echocentrumhetlichtpunt.nl\">\n\t\t\t\t<i aria-hidden=\"true\" class=\"fas fa-envelope\"><\/i>\t\t\t\t<\/a>\n\t\t\t<\/div>\n\t\t\t\n\t\t\t\t\t\t<div class=\"elementor-icon-box-content\">\n\n\t\t\t\t\t\t\t\t\t<h3 class=\"elementor-icon-box-title\">\n\t\t\t\t\t\t<a href=\"mailto:welkom@echocentrumhetlichtpunt.nl\" >\n\t\t\t\t\t\t\twelkom@echocentrumhetlichtpunt.nl\t\t\t\t\t\t<\/a>\n\t\t\t\t\t<\/h3>\n\t\t\t\t\n\t\t\t\t\n\t\t\t<\/div>\n\t\t\t\n\t\t<\/div>\n\t\t\t\t\t\t<\/div>\n\t\t\t\t<\/div>\n\t\t\t\t<\/div>\n\t\t\t\t\t<\/div>\n\t\t\t\t<\/div>\n\t\t\t\t<\/div>\n\t\t","protected":false},"excerpt":{"rendered":"<p>Homepage Pretecho Wat is een pretecho? Een pretecho is een echo die niet medisch is. Een ontmoeting met je kind in de diverse ontwikkelingsfases is voor alle betrokkenen altijd een bijzonder moment. Het bewust beleven van de ontwikkeling van je kind in een informele omgeving staat bij ons centraal. Je kunt kiezen uit diverse soorten [&hellip;]<\/p>\n","protected":false},"author":1,"featured_media":0,"parent":0,"menu_order":0,"comment_status":"closed","ping_status":"closed","template":"","meta":{"footnotes":""},"class_list":["post-28","page","type-page","status-publish","hentry"],"_links":{"self":[{"href":"https:\/\/ehl.designbrains.be\/index.php?rest_route=\/wp\/v2\/pages\/28","targetHints":{"allow":["GET"]}}],"collection":[{"href":"https:\/\/ehl.designbrains.be\/index.php?rest_route=\/wp\/v2\/pages"}],"about":[{"href":"https:\/\/ehl.designbrains.be\/index.php?rest_route=\/wp\/v2\/types\/page"}],"author":[{"embeddable":true,"href":"https:\/\/ehl.designbrains.be\/index.php?rest_route=\/wp\/v2\/users\/1"}],"replies":[{"embeddable":true,"href":"https:\/\/ehl.designbrains.be\/index.php?rest_route=%2Fwp%2Fv2%2Fcomments&post=28"}],"version-history":[{"count":5,"href":"https:\/\/ehl.designbrains.be\/index.php?rest_route=\/wp\/v2\/pages\/28\/revisions"}],"predecessor-version":[{"id":251,"href":"https:\/\/ehl.designbrains.be\/index.php?rest_route=\/wp\/v2\/pages\/28\/revisions\/251"}],"wp:attachment":[{"href":"https:\/\/ehl.designbrains.be\/index.php?rest_route=%2Fwp%2Fv2%2Fmedia&parent=28"}],"curies":[{"name":"wp","href":"https:\/\/api.w.org\/{rel}","templated":true}]}}